k + 2. Calculate j(1).
5
Let c(h) = 3*h + 6. Determine c(-4).
-6
Let g(f) = 8*f + 14. Determine g(-5).
-26
Let w(k) = -2*k**2 + 2*k + 72. Determine w(9).
-72
Let o(y) = -y**3 + 15*y**2 + 2*y - 17. Give o(15).
13
Let v(w) = -3*w**2 - 30*w - 26. Give v(-9).
1
Let a(u) = -u - 6. Determine a(-14).
8
Let k(l) = -l**3 - l. Determine k(0).
0
Let z(a) = -2*a**2 + 3*a + 1. Determine z(-1).
-4
Let b(s) = -s**2 + 14*s - 41. Determine b(8).
7
Let v(j) = -j + 4. Calculate v(-5).
9
Let v(f) = -f**2 - 10*f + 9. Determine v(-9).
18
Let s(p) = 2*p**3 - 2*p**2 - 2*p - 1. Calculate s(-1).
-3
Let g(r) = -r**2 - 5*r + 16. What is g(3)?
-8
Let y(s) = -s**3 - 24*s**2 + 3*s + 36. Give y(-24).
-36
Let t(x) = -19*x + 146. Give t(8).
-6
Let s(v) = v**2 + 9*v + 6. Determine s(-9).
6
Let h(c) = -c**3 + 17*c**2 + 17*c - 8. Calculate h(18).
-26
Let i(b) = -2*b**3 - 13*b**2 + 8*b + 8. Determine i(-7).
1
Let x(d) = d - 6. Give x(-4).
-10
Let i(l) = l - 12. Give i(8).
-4
Let m(g) = 3*g**3 + 3*g**2 - 2*g + 1. What is m(2)?
33
Let i(t) = t**2 + 33*t + 232. Give i(-24).
16
Let u(h) = h**2 - 2*h + 4. What is u(2)?
4
Let h(o) = -44*o - 1160. Determine h(-26).
-16
Let f(w) = -3*w + 70. Calculate f(23).
1
Let d(i) = -i**3 - 2*i**2 - 3*i - 7. Give d(-3).
11
Let f(h) = -h + 9. Determine f(6).
3
Let p(i) = -i + 1. Calculate p(5).
-4
Let i(m) = -2*m - 15. Give i(-13).
11
Let m(a) = a**3 + 7*a**2 - 15. Determine m(-7).
-15
Let r(a) = -a**3 + 11*a**2 - 21*a + 9. Calculate r(8).
33
Let o(n) = -7*n**2 - 105*n - 2. Give o(-15).
-2
Let p(q) = q**3 + 4*q**2 + 2*q - 3. What is p(-4)?
-11
Let g(l) = -l - 4. Give g(-8).
4
Let s(t) = t - 37. Give s(17).
-20
Let b(i) = -i**2 + 11*i + 4. Give b(11).
4
Let d(h) = 5*h**2 - 3*h + 1. Determine d(2).
15
Let h(g) = g + 37. What is h(0)?
37
Let f(n) = -25*n + 64. Calculate f(8).
-136
Let q(u) = -13*u - 42. Determine q(0).
-42
Let u(x) = -2*x - 42. Give u(-18).
-6
Let h(i) = 3*i + 7. Determine h(0).
7
Let w(g) = 25*g + 235. What is w(-9)?
10
Let h(q) = -13*q - 29. Give h(-13).
140
Let j(n) = -2*n + 6. Calculate j(-3).
12
Let x(h) = h**3 - 4*h**2 + 4*h - 5. What is x(4)?
11
Let f(i) = -i**3 - 10*i**2 - 7*i + 2. Give f(-10).
72
Let v(o) = -o**2 - o + 42. What is v(-8)?
-14
Let o(y) = 5*y**3 + 2*y**2 + 3*y + 3. What is o(-2)?
-35
Let c(d) = 65*d**2 - d + 1. Calculate c(1).
65
Let m(q) = -q**3 - 6*q**2 + 18*q + 9. Calculate m(-8).
-7
Let p(j) = j**3 - 23*j**2 - 4*j + 62. Give p(23).
-30
Let r(k) = -k**2 - 14*k - 6. Determine r(-13).
7
Let b(z) = 4*z + 7. Calculate b(-5).
-13
Let d(j) = 13*j - 113. Calculate d(9).
4
Let i(o) = 79*o**3 - o**2 + o + 2. What is i(-1)?
-79
Let m(s) = s**3 + 7*s**2 + 10*s + 23. Determine m(-6).
-1
Let v(h) = -2*h**2 + 7*h + 5. Give v(7).
-44
Let m(w) = -5*w + 11. What is m(7)?
-24
Let p(h) = -h**2 + 8*h - 13. What is p(6)?
-1
Let a(p) = -8*p. Give a(-3).
24
Let q(p) = p**3 + 17*p**2 - 7*p - 25. Calculate q(-17).
94
Let u(m) = 6*m**3 - m**2 + 3*m - 1. Give u(1).
7
Let x(s) = s**3 - 10*s**2 + 7*s + 19. Determine x(9).
1
Let s(x) = -12*x + 5. Give s(-9).
113
Let q(i) = -13*i + 6. Give q(0).
6
Let x(v) = v**3 - 2*v**2 + 2*v - 3. What is x(0)?
-3
Let d(h) = -3*h**2 + 2*h - 2. What is d(3)?
-23
Let z(j) = -j**2 - 3*j + 45. What is z(5)?
5
Let b(z) = 21*z - 1160. Determine b(55).
-5
Let l(i) = i**3 - 5*i**2 - 2*i + 14. Give l(5).
4
Let l(v) = 4*v**2 + 15*v - 21. Give l(-5).
4
Let h(p) = 12*p - 3. Calculate h(-2).
-27
Let y(n) = 3*n**2 - 2*n + 12. What is y(3)?
33
Let x(t) = -2*t**3 - 8*t**2 - 6*t - 34. Calculate x(-4).
-10
Let b(w) = w - 27. What is b(-8)?
-35
Let h(m) = 3*m + 36. What is h(-6)?
18
Let m(v) = v**2 + 11*v + 2. Calculate m(0).
2
Let s(c) = -3*c**2 + 4*c + 5. Determine s(-2).
-15
Let s(a) = -a**2 + 2*a - 4. What is s(-3)?
-19
Let d(i) = -14*i + 69. What is d(5)?
-1
Let v(q) = -6*q + 32. Give v(6).
-4
Let l(g) = g**3 - 14*g**2 - 16*g - 3. Give l(15).
-18
Let k(x) = -x**3 + 19*x**2 + 20*x + 16. Give k(20).
16
Let q(l) = 3*l**2 - 5*l + 3. Give q(3).
15
Let f(c) = -5*c**2. Calculate f(-1).
-5
Let x(a) = -2*a**3 + 37*a**2 - 19*a + 13. Give x(18).
-5
Let j(c) = 31*c**3 + c**2 + 2*c + 2. Calculate j(-1).
-30
Let g(t) = -2*t**2 - 1. Give g(-1).
-3
Let a(v) = -8*v**2 + 504*v + 12. What is a(63)?
12
Let m(r) = -r**3 - 1. Determine m(-2).
7
Let f(q) = -q**3 - 8*q**2 - 10*q + 6. Give f(-7).
27
Let r(q) = -q**3 + 10*q**2 - 13*q + 11. Give r(9).
-25
Let o(t) = 3*t**2 + 10*t + 17. Calculate o(-4).
25
Let l(h) = h**3 - 9*h**2 + 6*h - 5. What is l(9)?
49
Let l(w) = -2*w**2 + 81*w + 123. Determine l(42).
-3
Let d(w) = -w**2 - 3*w + 4. Calculate d(-6).
-14
Let m(s) = s**2 - 18*s + 5. Give m(18).
5
Let q(b) = b**3 + 22*b**2 - 23*b - 39. What is q(-23)?
-39
Let s(b) = -9*b - 31. What is s(-6)?
23
Let j(n) = 3*n**3 - 14*n**2 + 2*n - 22. Calculate j(5).
13
Let n(t) = -14*t - 1. Give n(-1).
13
Let s(o) = 2*o**3 + 13*o**2 + 5*o. Determine s(-6).
6
Let w(q) = q**2 - 6. Calculate w(3).
3
Let i(d) = 2*d**2 - 9*d + 6. Calculate i(4).
2
Let u(c) = c**3 - 10*c**2 - 11*c + 12. Calculate u(11).
12
Let d(n) = -n - 13. Give d(-18).
5
Let g(z) = z + 9. Calculate g(-6).
3
Let n(f) = 3*f**2 - 2*f. Calculate n(2).
8
Let j(x) = -2*x**3 - 6*x**2 + 5. Determine j(-2).
-3
Let w(o) = -6*o**2 - 21*o - 6. Give w(-3).
3
Let v(i) = 9*i - 251. Calculate v(29).
10
Let g(q) = -5*q + 11. Determine g(7).
-24
Let a(s) = s**3 - 15*s**2 + 42*s - 4. What is a(10)?
-84
Let u(d) = 2*d**2 - 33*d + 18. Give u(15).
-27
Let c(p) = p**3 + 20*p**2 + p + 28. What is c(-20)?
8
Let i(o) = -8*o + 108. What is i(14)?
-4
Let w(u) = u + 28. Give w(-25).
3
Let u(m) = 9*m**2 - 7*m - 1. Calculate u(-2).
49
Let o(y) = -2*y - 6. Calculate o(11).
-28
Let x(s) = -2*s - 22. Determine x(-12).
2
Let f(b) = b**3 - 2*b**2 - 15*b + 27. What is f(5)?
27
Let p(m) = -m**3 + 8*m**2 - 6*m + 8. Determine p(6).
44
Let o(f) = -f + 13. Give o(9).
4
Let n(d) = -d**3 - 6*d**2 + 2*d. What is n(-7)?
35
Let j(v) = -v**2 + 4*v - 5. Give j(1).
-2
Let o(l) = -l**2 - 4*l + 7. Calculate o(-7).
-14
Let p(o) = 2*o**2 + o - 1. What is p(-3)?
14
Let s(o) = o**3 - 11*o**2 + 10*o + 3. Determine s(10).
3
Let v(p) = -3*p + 21. What is v(9)?
-6
Let i(f) = f**3 + 12*f**2 + 10*f - 24. What is i(-11)?
-13
Let p(x) = x**3 - 7*x**2 + 2. Give p(6).
-34
Let d(z) = -z**2 + 17*z + 10. Give d(15).
40
Let b(l) = 155*l - 148. Give b(1).
7
Let v(s) = s**2 - s - 3. Calculate v(-3).
9
Let d(w) = -w**3 - 12*w**2 + 2*w + 9. What is d(-12)?
-15
Let j(w) = -8*w**3 + w**2 - w. Determine j(1).
-8
Let y(u) = u**2 + 4*u - 36. Determine y(-8).
-4
Let m(u) = -9*u**2. Give m(-1).
-9
Let l(s) = -2*s + 40. Determine l(17).
6
Let n(f) = -f**3 - f**2 - f + 28. What is n(0)?
28
Let z(h) = 5*h**3 - h**2 + 3*h. Give z(2).
42
Let q(o) = 6*o. Calculate q(5).
30
Let x(t) = -6*t**2 + 39*t + 14. Give x(7).
-7
Let j(n) = n**3 - 4*n**2 + n + 4. Calculate j(3).
-2
Let h(o) = -2*o**3 + 28*o**2 - 21*o + 22. What is h(13)?
87
Let i(f) = -2*f**2 + 2*f - 2. Determine i(-3).
-26
Let a(n) = 2*n**2 - 13*n - 3. Determine a(10).
67
Let b(r) = -2*r**2 - 1. Determine b(2).
-9
Let p(z) = z - 4. Calculate p(0).
-4
Let t(p) = p**3 + 20*p**2 + p + 24. Give t(-20).
4
Let a(k) = -10*k - 22. Give a(-2).
-2
Let g(v) = 5*v**2 - 2*v - 7. Calculate g(-1).
0
Let h(o) = 2*o**3 + 63*o**2 - 27*o + 163. Determine h(-32).
3
Let q(p) = 20*p**3 - 3*p**2 + 5*p - 1. Determine q(1).
21
Let y(u) = 16*u + 33. Give y(-4).
-31
Let k(a) = -a**3 + 4*a**2 + 12*a - 1. Determine k(5).
34
Let g(c) = c**3 + 50*c**2 + 20*c + 1008. Determine g(-50).
8
Let j(p) = -p**3 + 3*p**2 + p - 1. Calculate j(5).
-46
Let v(z) = z**3 - 6*z**2 + 16*z - 94. Give v(6).
2
Let u(l) = l**3 - 3*l**2 + 2*l - 21. Calculate u(4).
3
Let n(o) = -5*o**2 - 2*o. Calculate n(-1).
-3
Let p(d) = 59*d - 3. What is p(1)?
56
Let x(b) = b**3 + 5*b**2 - 4*b - 8. What is x(-6)?
-20
Let h(c) = c**3 + 7*c**2 - 7*c + 4. What is h(-8)?
-4
Let l(c) = c**2 - 44. Determine l(-6).
-8
Let u(k) = k**2 + 4*k - 13. What is u(3)?
8
Let s(p) = -42*p**3 - p**2 - p + 1. What is s(1)?
-43
Let a(g) = g + 30. What is a(-38)?
-8
Let m(l) = -l**3 + 6*l**2 - 4*l - 11. Determine m(5).
-6
Let h(u) = u**3 + 7*u**2 - 3*u - 16. Determine h(-7).
5
Let s(x) = -9*x. What is s(-7)?
63
Let z(y) = 4*y - 23. Give z(5).
-3
Let c(d) = d**2 + d - 4. Give c(5).
26
Let v(w) = -w**2 + 2*w. Deter